by 140575?
155
What is the remainder when 906778 is divided by 741?
535
What is the remainder when 144166 is divided by 1472?
1382
Calculate the remainder when 6523985 is divided by 3261981.
23
Calculate the remainder when 27560300 is divided by 3017.
5
Calculate the remainder when 339780 is divided by 3061.
9
What is the remainder when 484170 is divided by 53775?
195
What is the remainder when 90747 is divided by 12815?
1042
What is the remainder when 186458 is divided by 186211?
247
Calculate the remainder when 254200 is divided by 126605.
990
What is the remainder when 38209609 is divided by 491?
480
What is the remainder when 13387486 is divided by 564?
382
What is the remainder when 2185303 is divided by 38?
37
What is the remainder when 50464 is divided by 918?
892
Calculate the remainder when 105235 is divided by 10484.
395
What is the remainder when 15230284 is divided by 609211?
9
What is the remainder when 6287078 is divided by 523913?
122
What is the remainder when 886883 is divided by 9744?
179
Calculate the remainder when 34574 is divided by 542.
428
Calculate the remainder when 78040 is divided by 19502.
32
Calculate the remainder when 705892 is divided by 19.
4
Calculate the remainder when 19061 is divided by 92.
17
What is the remainder when 1980986 is divided by 179?
172
What is the remainder when 74303278 is divided by 93?
91
Calculate the remainder when 214073 is divided by 7888.
1097
What is the remainder when 1109395463 is divided by 8562?
8561
What is the remainder when 329484 is divided by 87?
15
Calculate the remainder when 68586 is divided by 34291.
4
Calculate the remainder when 19328443 is divided by 2600.
43
What is the remainder when 3014087 is divided by 150698?
127
What is the remainder when 3989218 is divided by 181?
159
What is the remainder when 472839 is divided by 470882?
1957
What is the remainder when 1038214 is divided by 45137?
63
What is the remainder when 247300 is divided by 1308?
88
What is the remainder when 9677374 is divided by 1268?
1266
Calculate the remainder when 40212 is divided by 2356.
160
What is the remainder when 25749339 is divided by 1284?
3
What is the remainder when 516360 is divided by 258176?
8
Calculate the remainder when 13887945 is divided by 76.
9
Calculate the remainder when 160140 is divided by 12309.
123
Calculate the remainder when 54355 is divided by 10863.
40
What is the remainder when 15499723 is divided by 96?
43
Calculate the remainder when 115008 is divided by 8797.
647
Calculate the remainder when 148912 is divided by 3119.
2319
What is the remainder when 810593 is divided by 23155?
168
What is the remainder when 35699401 is divided by 6115?
31
Calculate the remainder when 15391 is divided by 3050.
141
What is the remainder when 25189291 is divided by 25189288?
3
Calculate the remainder when 193478 is divided by 64479.
41
What is the remainder when 734370 is divided by 4771?
4407
Calculate the remainder when 32025392 is divided by 58.
54
Calculate the remainder when 2820401 is divided by 123.
11
What is the remainder when 380976 is divided by 404?
4
What is the remainder when 3737273 is divided by 246?
41
What is the remainder when 364567 is divided by 60749?
73
What is the remainder when 77081647 is divided by 46?
45
What is the remainder when 84734948 is divided by 71?
69
Calculate the remainder when 1073605 is divided by 468.
13
What is the remainder when 660467 is divided by 3004?
2591
Calculate the remainder when 62860680 is divided by 303.
300
What is the remainder when 34207168 is divided by 429?
424
Calculate the remainder when 207010074 is divided by 545.
544
What is the remainder when 17972573 is divided by 1770?
1763
Calculate the remainder when 394454 is divided by 19709.
274
Calculate the remainder when 14190 is divided by 614.
68
Calculate the remainder when 212622 is divided by 125.
122
Calculate the remainder when 111968 is divided by 1556.
1492
Calculate the remainder when 545774 is divided by 136392.
206
Calculate the remainder when 5914141 is divided by 2410.
1
Calculate the remainder when 402759 is divided by 943.
98
Calculate the remainder when 77227 is divided by 342.
277
What is the remainder when 59794 is divided by 59705?
89
What is the remainder when 127334 is divided by 30895?
3754
Calculate the remainder when 690950 is divided by 230023.
881
Calculate the remainder when 187943 is divided by 415.
363
What is the remainder when 21682 is divided by 5415?
22
What is the remainder when 1275495 is divided by 159358?
631
What is the remainder when 296086611 is divided by 23?
21
Calculate the remainder when 610386 is divided by 545.
531
What is the remainder when 16064233 is divided by 386?
71
What is the remainder when 54673 is divided by 1721?
1322
Calculate the remainder when 24304 is divided by 8095.
19
Calculate the remainder when 1017266 is divided by 217.
187
Calculate the remainder when 229667 is divided by 2773.
2281
What is the remainder when 45928751 is divided by 2089?
2086
What is the remainder when 216465 is divided by 9735?
2295
What is the remainder when 40326 is divided by 40294?
32
What is the remainder when 1306907 is divided by 261320?
307
Calculate the remainder when 1388446 is divided by 72.
70
Calculate the remainder when 599691 is divided by 510.
441
What is the remainder when 47768 is divided by 7765?
1178
What is the remainder when 5714526 is divided by 344?
342
Calculate the remainder when 59073 is divided by 767.
14
Calculate the remainder when 378432 is divided by 94599.
36
Calculate the remainder when 6959 is divided by 489.
113
What is the remainder when 12880056 is divided by 58?
54
Calculate the remainder when 368542 is divided by 1481.
1254
Calculate the remainder when 60546922 is divided by 7084.
7058
What is the remainder when 658713 is divided by 678?
375
Calculate the remainder when 582235918 is divided by 168.
166
Calculate the remainder when 100463454 is divided by 408388.
6
What is the remainder when 276648 is divided by 9872?
232
Calculate the remainder when 14725617 is divided by 2945121.
12
What is the remainder when 106858 is divided by 529?
0
What is the remainder when 89239 is divided by 16?
7
What is the remainder when 1442499 is divided by 7?
2
Calculate the remainder when 598269 is divided by 46016.
61
Calculate the remainder when 6241341 is divided by 20330.
31
Calculate the remainder when 428100307 is divided by 49.
47
Calculate the remainder when 13391 is divided by 367.
179
What is the remainder when 46375 is divided by 14228?
3691
What is the remainder when 39404 is divided by 741?
131
Calculate the remainder when 1796896 is divided by 97.
68
Calculate the remainder when 23309 is divided by 189.
62
Calculate the remainder when 6434271 is divided by 377.
12
Calculate the remainder when 948255 is divided by 458.
195
What is the remainder when 251189621 is divided by 83?
81
Calculate the remainder when 1747396 is divided by 158854.
2
What is the remainder when 495203 is divided by 2417?
2135
Calculate the remainder when 883791497 is divided by 11.
6
What is the remainder when 30158866 is divided by 3522?
3502
What is the remainder when 143537 is divided by 707?
16
Calculate the remainder when 173362741 is divided by 367.
15
Calculate the remainder when 301974 is divided by 302.
276
Calculate the remainder when 2747192 is divided by 5440.
5432
What is the remainder when 725775 is divided by 100?
75
Calculate the remainder when 37358999 is divided by 50.
49
What is the remainder when 21424703 is divided by 47?
35
Calculate the remainder when 2522595 is divided by 252258.
15
What is the remainder when 990520 is divided by 498?
496
Calculate the remainder when 1566392 is divided by 783179.
34
Calculate the remainder when 21302307 is divided by 641.
595
What is the remainder when 20488628 is divided by 552?
44
What is the remainder when 296778 is divided by 2104?
114
Calculate the remainder when 4384354 is divided by 4.
2
Calculate the remainder when 182418 is divided by 4447.
91
Calculate the remainder when 11644 is divided by 1239.
493
Calculate the remainder when 2015422 is divided by 19.
16
Calculate the remainder when 4601583 is divided by 159.
123
Calculate the remainder when 1849662 is div